{"id":19138,"date":"2024-10-12T17:52:34","date_gmt":"2024-10-12T20:52:34","guid":{"rendered":"https:\/\/minhaterralegal.com.br\/site\/?page_id=19138"},"modified":"2024-12-02T14:39:29","modified_gmt":"2024-12-02T17:39:29","slug":"app","status":"publish","type":"page","link":"https:\/\/minhaterralegal.com.br\/site\/app\/","title":{"rendered":"app"},"content":{"rendered":"\t\t<div data-elementor-type=\"wp-page\" data-elementor-id=\"19138\" class=\"elementor elementor-19138\" data-elementor-post-type=\"page\">\n\t\t\t\t<div class=\"elementor-element elementor-element-a659e44 e-flex e-con-boxed wpr-particle-no wpr-jarallax-no wpr-parallax-no wpr-sticky-section-no e-con e-parent\" data-id=\"a659e44\" data-element_type=\"container\">\n\t\t\t\t\t<div class=\"e-con-inner\">\n\t\t\t\t\t<\/div>\n\t\t\t\t<\/div>\n\t\t<div class=\"elementor-element elementor-element-60a15b5 e-flex e-con-boxed wpr-particle-no wpr-jarallax-no wpr-parallax-no wpr-sticky-section-no e-con e-parent\" data-id=\"60a15b5\" data-element_type=\"container\">\n\t\t\t\t\t<div class=\"e-con-inner\">\n\t\t\t\t<div class=\"elementor-element elementor-element-5697baf elementor-widget elementor-widget-heading\" data-id=\"5697baf\" data-element_type=\"widget\" data-widget_type=\"heading.default\">\n\t\t\t\t<div class=\"elementor-widget-container\">\n\t\t\t<h2 class=\"elementor-heading-title elementor-size-default\">Baixe o nosso app nas lojas oficiais<\/h2>\t\t<\/div>\n\t\t\t\t<\/div>\n\t\t\t\t\t<\/div>\n\t\t\t\t<\/div>\n\t\t<div class=\"elementor-element elementor-element-2bf8b1b e-flex e-con-boxed wpr-particle-no wpr-jarallax-no wpr-parallax-no wpr-sticky-section-no e-con e-parent\" data-id=\"2bf8b1b\" data-element_type=\"container\">\n\t\t\t\t\t<div class=\"e-con-inner\">\n\t\t<div class=\"elementor-element elementor-element-14f56c7 e-con-full e-flex wpr-particle-no wpr-jarallax-no wpr-parallax-no wpr-sticky-section-no e-con e-child\" data-id=\"14f56c7\" data-element_type=\"container\">\n\t\t\t\t<div class=\"elementor-element elementor-element-f22003b elementor-widget elementor-widget-image\" data-id=\"f22003b\" data-element_type=\"widget\" data-widget_type=\"image.default\">\n\t\t\t\t<div class=\"elementor-widget-container\">\n\t\t\t\t\t\t\t\t\t\t\t\t\t\t<a href=\"https:\/\/apps.apple.com\/br\/app\/legaliza\/id1600354080\">\n\t\t\t\t\t\t\t<img fetchpriority=\"high\" decoding=\"async\" width=\"700\" height=\"207\" src=\"https:\/\/minhaterralegal.com.br\/site\/wp-content\/uploads\/2024\/10\/baixarnaappstore2.png\" class=\"attachment-large size-large wp-image-19141\" alt=\"\" srcset=\"https:\/\/minhaterralegal.com.br\/site\/wp-content\/uploads\/2024\/10\/baixarnaappstore2.png 700w, https:\/\/minhaterralegal.com.br\/site\/wp-content\/uploads\/2024\/10\/baixarnaappstore2-300x89.png 300w\" sizes=\"(max-width: 700px) 100vw, 700px\" \/>\t\t\t\t\t\t\t\t<\/a>\n\t\t\t\t\t\t\t\t\t\t\t\t\t<\/div>\n\t\t\t\t<\/div>\n\t\t\t\t<\/div>\n\t\t<div class=\"elementor-element elementor-element-203576e e-con-full e-flex wpr-particle-no wpr-jarallax-no wpr-parallax-no wpr-sticky-section-no e-con e-child\" data-id=\"203576e\" data-element_type=\"container\">\n\t\t\t\t<div class=\"elementor-element elementor-element-67de239 elementor-widget elementor-widget-image\" data-id=\"67de239\" data-element_type=\"widget\" data-widget_type=\"image.default\">\n\t\t\t\t<div class=\"elementor-widget-container\">\n\t\t\t\t\t\t\t\t\t\t\t\t\t\t<a href=\"https:\/\/play.google.com\/store\/apps\/details?id=com.legaliza\">\n\t\t\t\t\t\t\t<img decoding=\"async\" width=\"700\" height=\"207\" src=\"https:\/\/minhaterralegal.com.br\/site\/wp-content\/uploads\/2024\/10\/disponivel-google-play-badge-4.png\" class=\"attachment-large size-large wp-image-19140\" alt=\"\" srcset=\"https:\/\/minhaterralegal.com.br\/site\/wp-content\/uploads\/2024\/10\/disponivel-google-play-badge-4.png 700w, https:\/\/minhaterralegal.com.br\/site\/wp-content\/uploads\/2024\/10\/disponivel-google-play-badge-4-300x89.png 300w\" sizes=\"(max-width: 700px) 100vw, 700px\" \/>\t\t\t\t\t\t\t\t<\/a>\n\t\t\t\t\t\t\t\t\t\t\t\t\t<\/div>\n\t\t\t\t<\/div>\n\t\t\t\t<\/div>\n\t\t\t\t\t<\/div>\n\t\t\t\t<\/div>\n\t\t<div class=\"elementor-element elementor-element-495895b e-flex e-con-boxed wpr-particle-no wpr-jarallax-no wpr-parallax-no wpr-sticky-section-no e-con e-parent\" data-id=\"495895b\" data-element_type=\"container\">\n\t\t\t\t\t<div class=\"e-con-inner\">\n\t\t\t\t<div class=\"elementor-element elementor-element-6b86dd1 elementor-widget elementor-widget-text-editor\" data-id=\"6b86dd1\" data-element_type=\"widget\" data-widget_type=\"text-editor.default\">\n\t\t\t\t<div class=\"elementor-widget-container\">\n\t\t\t\t\t\t\t<p>Enquanto voc\u00ea aguarda a conclus\u00e3o do seu T\u00edtulo Definitivo, com a LEGALIZA BRASIL, voc\u00ea pode\u00a0 monitorar e acompanhar o andamento do seu\u00a0 processo e da sua cidade em tempo real pela internet\u00a0 ou baixando nosso App Mobile e manter contato conosco o tempo todo.<\/p>\t\t\t\t\t\t<\/div>\n\t\t\t\t<\/div>\n\t\t\t\t\t<\/div>\n\t\t\t\t<\/div>\n\t\t\t\t<\/div>\n\t\t","protected":false},"excerpt":{"rendered":"<p>Baixe o nosso app nas lojas oficiais Enquanto voc\u00ea aguarda a conclus\u00e3o do seu T\u00edtulo Definitivo, com a LEGALIZA BRASIL, voc\u00ea pode\u00a0 monitorar e acompanhar o andamento do seu\u00a0 processo e da sua cidade em tempo real pela internet\u00a0 ou baixando nosso App Mobile e manter contato conosco o tempo todo.<\/p>\n","protected":false},"author":2,"featured_media":0,"parent":0,"menu_order":0,"comment_status":"closed","ping_status":"closed","template":"elementor_header_footer","meta":{"_eb_attr":"","footnotes":""},"class_list":["post-19138","page","type-page","status-publish","hentry"],"_links":{"self":[{"href":"https:\/\/minhaterralegal.com.br\/site\/wp-json\/wp\/v2\/pages\/19138","targetHints":{"allow":["GET"]}}],"collection":[{"href":"https:\/\/minhaterralegal.com.br\/site\/wp-json\/wp\/v2\/pages"}],"about":[{"href":"https:\/\/minhaterralegal.com.br\/site\/wp-json\/wp\/v2\/types\/page"}],"author":[{"embeddable":true,"href":"https:\/\/minhaterralegal.com.br\/site\/wp-json\/wp\/v2\/users\/2"}],"replies":[{"embeddable":true,"href":"https:\/\/minhaterralegal.com.br\/site\/wp-json\/wp\/v2\/comments?post=19138"}],"version-history":[{"count":7,"href":"https:\/\/minhaterralegal.com.br\/site\/wp-json\/wp\/v2\/pages\/19138\/revisions"}],"predecessor-version":[{"id":19272,"href":"https:\/\/minhaterralegal.com.br\/site\/wp-json\/wp\/v2\/pages\/19138\/revisions\/19272"}],"wp:attachment":[{"href":"https:\/\/minhaterralegal.com.br\/site\/wp-json\/wp\/v2\/media?parent=19138"}],"curies":[{"name":"wp","href":"https:\/\/api.w.org\/{rel}","templated":true}]}}